{"id":713,"date":"2019-07-24T10:51:00","date_gmt":"2019-07-24T08:51:00","guid":{"rendered":"https:\/\/dev.all-can-wp.berta-bewegt.ch\/projekt\/allcan-international-patient-survey\/"},"modified":"2025-05-27T09:38:57","modified_gmt":"2025-05-27T07:38:57","slug":"allcan-international-patient-survey","status":"publish","type":"project","link":"https:\/\/all-can.ch\/fr\/projekt\/allcan-international-patient-survey\/","title":{"rendered":"All.Can International Patient Survey"},"content":{"rendered":"\n<h3 class=\"wp-block-heading\">Le traitement du cancer du point de vue des patients: possibilit\u00e9s d\u2019am\u00e9lioration de l\u2019efficacit\u00e9<\/h3>\n\n\n\n<p>Lorsqu\u2019il est question d\u2019am\u00e9liorer le traitement du cancer, on oublie trop souvent le point de vue des patients. L\u2019enqu\u00eate r\u00e9alis\u00e9e par All.Can International aupr\u00e8s de patients a permis de poser la question directement aux personnes ayant personnellement fait l\u2019exp\u00e9rience du cancer.<\/p>\n\n\n\n<h3 class=\"wp-block-heading\">\u00c0 propos du projet<\/h3>\n\n\n\n<p>Pr\u00e8s de 4000 patient-e-s et membres du personnel soignant de plus de dix pays du monde ont particip\u00e9 \u00e0 l\u2019enqu\u00eate de All.Can International qui a eu lieu de janvier \u00e0 novembre 2018. Bien que la plupart aient d\u00e9clar\u00e9 que leurs besoins avaient \u00e9t\u00e9 suffisamment pris en compte pendant le traitement, certains domaines sp\u00e9cifiques ont \u00e9t\u00e9 soulign\u00e9s dans lesquels des insuffisances en termes d\u2019efficacit\u00e9 ont \u00e9t\u00e9 observ\u00e9es.<\/p>\n\n\n\n<p>Sur la base des r\u00e9ponses \u00e0 l\u2019enqu\u00eate, nous avons identifi\u00e9 quatre possibilit\u00e9s d\u2019am\u00e9liorations principales:<\/p>\n\n\n\n<ol class=\"wp-block-list\">\n<li>Assurance d\u2019un diagnostic rapide, pr\u00e9cis et ad\u00e9quat<\/li>\n\n\n\n<li>Am\u00e9lioration de l\u2019\u00e9change d\u2019informations, du soutien et de la prise de d\u00e9cision concert\u00e9e<\/li>\n\n\n\n<li>R\u00e9elle mise en \u0153uvre de soins multidisciplinaires int\u00e9gr\u00e9s pour tous les patients<\/li>\n\n\n\n<li>Lutte contre les cons\u00e9quences financi\u00e8res du cancer<\/li>\n<\/ol>\n\n\n\n<p>Si nous voulons garantir une prise en charge qui se concentre sur ce qui est important pour les patient-e-s, il ne suffit pas de consid\u00e9rer les donn\u00e9es \u00e9conomiques et cliniques, mais aussi le point de vue des patient-e-s. Cela veut dire que les connaissances acquises par le biais d\u2019enqu\u00eates aupr\u00e8s des patient-e-s doivent entrer dans notre d\u00e9finition des concepts d\u2019efficacit\u00e9 et d\u2019inefficacit\u00e9.<\/p>\n\n\n\n<p>All.Can International et les initiatives All.Can nationales veilleront \u00e0 ce que ces connaissances entrent dans le dialogue politique et de soci\u00e9t\u00e9.<\/p>\n","protected":false},"featured_media":485,"template":"","class_list":["post-713","project","type-project","status-publish","has-post-thumbnail","hentry"],"acf":[],"yoast_head":"<!-- This site is optimized with the Yoast SEO plugin v27.1.1 - https:\/\/yoast.com\/product\/yoast-seo-wordpress\/ -->\n<title>All.Can International Patient Survey - All.Can Schweiz<\/title>\n<meta name=\"robots\" content=\"index, follow, max-snippet:-1, max-image-preview:large, max-video-preview:-1\" \/>\n<link rel=\"canonical\" href=\"https:\/\/all-can.ch\/fr\/projekt\/allcan-international-patient-survey\/\" \/>\n<meta property=\"og:locale\" content=\"fr_FR\" \/>\n<meta property=\"og:type\" content=\"article\" \/>\n<meta property=\"og:title\" content=\"All.Can International Patient Survey - All.Can Schweiz\" \/>\n<meta property=\"og:description\" content=\"Le traitement du cancer du point de vue des patients: possibilit\u00e9s d\u2019am\u00e9lioration de l\u2019efficacit\u00e9 Lorsqu\u2019il est question d\u2019am\u00e9liorer le traitement du cancer, on oublie trop souvent le point de vue des patients. L\u2019enqu\u00eate r\u00e9alis\u00e9e par All.Can International aupr\u00e8s de patients a permis de poser la question directement aux personnes ayant personnellement fait l\u2019exp\u00e9rience du cancer. [&hellip;]\" \/>\n<meta property=\"og:url\" content=\"https:\/\/all-can.ch\/fr\/projekt\/allcan-international-patient-survey\/\" \/>\n<meta property=\"og:site_name\" content=\"All.Can Schweiz\" \/>\n<meta property=\"article:modified_time\" content=\"2025-05-27T07:38:57+00:00\" \/>\n<meta property=\"og:image\" content=\"https:\/\/all-can.ch\/wp-content\/uploads\/2025\/05\/allcan_blau_bild.jpg\" \/>\n\t<meta property=\"og:image:width\" content=\"2000\" \/>\n\t<meta property=\"og:image:height\" content=\"1125\" \/>\n\t<meta property=\"og:image:type\" content=\"image\/jpeg\" \/>\n<meta name=\"twitter:card\" content=\"summary_large_image\" \/>\n<meta name=\"twitter:label1\" content=\"Est. reading time\" \/>\n\t<meta name=\"twitter:data1\" content=\"2 minutes\" \/>\n<script type=\"application\/ld+json\" class=\"yoast-schema-graph\">{\"@context\":\"https:\/\/schema.org\",\"@graph\":[{\"@type\":\"WebPage\",\"@id\":\"https:\/\/all-can.ch\/fr\/projekt\/allcan-international-patient-survey\/\",\"url\":\"https:\/\/all-can.ch\/fr\/projekt\/allcan-international-patient-survey\/\",\"name\":\"All.Can International Patient Survey - All.Can Schweiz\",\"isPartOf\":{\"@id\":\"https:\/\/all-can.ch\/#website\"},\"primaryImageOfPage\":{\"@id\":\"https:\/\/all-can.ch\/fr\/projekt\/allcan-international-patient-survey\/#primaryimage\"},\"image\":{\"@id\":\"https:\/\/all-can.ch\/fr\/projekt\/allcan-international-patient-survey\/#primaryimage\"},\"thumbnailUrl\":\"https:\/\/all-can.ch\/wp-content\/uploads\/2025\/05\/allcan_blau_bild.jpg\",\"datePublished\":\"2019-07-24T08:51:00+00:00\",\"dateModified\":\"2025-05-27T07:38:57+00:00\",\"breadcrumb\":{\"@id\":\"https:\/\/all-can.ch\/fr\/projekt\/allcan-international-patient-survey\/#breadcrumb\"},\"inLanguage\":\"fr-FR\",\"potentialAction\":[{\"@type\":\"ReadAction\",\"target\":[\"https:\/\/all-can.ch\/fr\/projekt\/allcan-international-patient-survey\/\"]}]},{\"@type\":\"ImageObject\",\"inLanguage\":\"fr-FR\",\"@id\":\"https:\/\/all-can.ch\/fr\/projekt\/allcan-international-patient-survey\/#primaryimage\",\"url\":\"https:\/\/all-can.ch\/wp-content\/uploads\/2025\/05\/allcan_blau_bild.jpg\",\"contentUrl\":\"https:\/\/all-can.ch\/wp-content\/uploads\/2025\/05\/allcan_blau_bild.jpg\",\"width\":2000,\"height\":1125},{\"@type\":\"BreadcrumbList\",\"@id\":\"https:\/\/all-can.ch\/fr\/projekt\/allcan-international-patient-survey\/#breadcrumb\",\"itemListElement\":[{\"@type\":\"ListItem\",\"position\":1,\"name\":\"Home\",\"item\":\"https:\/\/all-can.ch\/fr\/\"},{\"@type\":\"ListItem\",\"position\":2,\"name\":\"Projects\",\"item\":\"https:\/\/all-can.ch\/project\/\"},{\"@type\":\"ListItem\",\"position\":3,\"name\":\"All.Can International Patient Survey\"}]},{\"@type\":\"WebSite\",\"@id\":\"https:\/\/all-can.ch\/#website\",\"url\":\"https:\/\/all-can.ch\/\",\"name\":\"All.Can Schweiz\",\"description\":\"\",\"potentialAction\":[{\"@type\":\"SearchAction\",\"target\":{\"@type\":\"EntryPoint\",\"urlTemplate\":\"https:\/\/all-can.ch\/?s={search_term_string}\"},\"query-input\":{\"@type\":\"PropertyValueSpecification\",\"valueRequired\":true,\"valueName\":\"search_term_string\"}}],\"inLanguage\":\"fr-FR\"}]}<\/script>\n<!-- \/ Yoast SEO plugin. -->","yoast_head_json":{"title":"All.Can International Patient Survey - All.Can Schweiz","robots":{"index":"index","follow":"follow","max-snippet":"max-snippet:-1","max-image-preview":"max-image-preview:large","max-video-preview":"max-video-preview:-1"},"canonical":"https:\/\/all-can.ch\/fr\/projekt\/allcan-international-patient-survey\/","og_locale":"fr_FR","og_type":"article","og_title":"All.Can International Patient Survey - All.Can Schweiz","og_description":"Le traitement du cancer du point de vue des patients: possibilit\u00e9s d\u2019am\u00e9lioration de l\u2019efficacit\u00e9 Lorsqu\u2019il est question d\u2019am\u00e9liorer le traitement du cancer, on oublie trop souvent le point de vue des patients. L\u2019enqu\u00eate r\u00e9alis\u00e9e par All.Can International aupr\u00e8s de patients a permis de poser la question directement aux personnes ayant personnellement fait l\u2019exp\u00e9rience du cancer. [&hellip;]","og_url":"https:\/\/all-can.ch\/fr\/projekt\/allcan-international-patient-survey\/","og_site_name":"All.Can Schweiz","article_modified_time":"2025-05-27T07:38:57+00:00","og_image":[{"width":2000,"height":1125,"url":"https:\/\/all-can.ch\/wp-content\/uploads\/2025\/05\/allcan_blau_bild.jpg","type":"image\/jpeg"}],"twitter_card":"summary_large_image","twitter_misc":{"Est. reading time":"2 minutes"},"schema":{"@context":"https:\/\/schema.org","@graph":[{"@type":"WebPage","@id":"https:\/\/all-can.ch\/fr\/projekt\/allcan-international-patient-survey\/","url":"https:\/\/all-can.ch\/fr\/projekt\/allcan-international-patient-survey\/","name":"All.Can International Patient Survey - All.Can Schweiz","isPartOf":{"@id":"https:\/\/all-can.ch\/#website"},"primaryImageOfPage":{"@id":"https:\/\/all-can.ch\/fr\/projekt\/allcan-international-patient-survey\/#primaryimage"},"image":{"@id":"https:\/\/all-can.ch\/fr\/projekt\/allcan-international-patient-survey\/#primaryimage"},"thumbnailUrl":"https:\/\/all-can.ch\/wp-content\/uploads\/2025\/05\/allcan_blau_bild.jpg","datePublished":"2019-07-24T08:51:00+00:00","dateModified":"2025-05-27T07:38:57+00:00","breadcrumb":{"@id":"https:\/\/all-can.ch\/fr\/projekt\/allcan-international-patient-survey\/#breadcrumb"},"inLanguage":"fr-FR","potentialAction":[{"@type":"ReadAction","target":["https:\/\/all-can.ch\/fr\/projekt\/allcan-international-patient-survey\/"]}]},{"@type":"ImageObject","inLanguage":"fr-FR","@id":"https:\/\/all-can.ch\/fr\/projekt\/allcan-international-patient-survey\/#primaryimage","url":"https:\/\/all-can.ch\/wp-content\/uploads\/2025\/05\/allcan_blau_bild.jpg","contentUrl":"https:\/\/all-can.ch\/wp-content\/uploads\/2025\/05\/allcan_blau_bild.jpg","width":2000,"height":1125},{"@type":"BreadcrumbList","@id":"https:\/\/all-can.ch\/fr\/projekt\/allcan-international-patient-survey\/#breadcrumb","itemListElement":[{"@type":"ListItem","position":1,"name":"Home","item":"https:\/\/all-can.ch\/fr\/"},{"@type":"ListItem","position":2,"name":"Projects","item":"https:\/\/all-can.ch\/project\/"},{"@type":"ListItem","position":3,"name":"All.Can International Patient Survey"}]},{"@type":"WebSite","@id":"https:\/\/all-can.ch\/#website","url":"https:\/\/all-can.ch\/","name":"All.Can Schweiz","description":"","potentialAction":[{"@type":"SearchAction","target":{"@type":"EntryPoint","urlTemplate":"https:\/\/all-can.ch\/?s={search_term_string}"},"query-input":{"@type":"PropertyValueSpecification","valueRequired":true,"valueName":"search_term_string"}}],"inLanguage":"fr-FR"}]}},"_links":{"self":[{"href":"https:\/\/all-can.ch\/fr\/wp-json\/wp\/v2\/project\/713","targetHints":{"allow":["GET"]}}],"collection":[{"href":"https:\/\/all-can.ch\/fr\/wp-json\/wp\/v2\/project"}],"about":[{"href":"https:\/\/all-can.ch\/fr\/wp-json\/wp\/v2\/types\/project"}],"wp:featuredmedia":[{"embeddable":true,"href":"https:\/\/all-can.ch\/fr\/wp-json\/wp\/v2\/media\/485"}],"wp:attachment":[{"href":"https:\/\/all-can.ch\/fr\/wp-json\/wp\/v2\/media?parent=713"}],"curies":[{"name":"wp","href":"https:\/\/api.w.org\/{rel}","templated":true}]}}

<h3 class="wp-block-heading">Le traitement du cancer du point de vue des patients: possibilités d’amélioration de l’efficacité</h3>



<p>Lorsqu’il est question d’améliorer le traitement du cancer, on oublie trop souvent le point de vue des patients. L’enquête réalisée par All.Can International auprès de patients a permis de poser la question directement aux personnes ayant personnellement fait l’expérience du cancer.</p>



<h3 class="wp-block-heading">À propos du projet</h3>



<p>Près de 4000 patient-e-s et membres du personnel soignant de plus de dix pays du monde ont participé à l’enquête de All.Can International qui a eu lieu de janvier à novembre 2018. Bien que la plupart aient déclaré que leurs besoins avaient été suffisamment pris en compte pendant le traitement, certains domaines spécifiques ont été soulignés dans lesquels des insuffisances en termes d’efficacité ont été observées.</p>



<p>Sur la base des réponses à l’enquête, nous avons identifié quatre possibilités d’améliorations principales:</p>



<ol class="wp-block-list">
<li>Assurance d’un diagnostic rapide, précis et adéquat</li>



<li>Amélioration de l’échange d’informations, du soutien et de la prise de décision concertée</li>



<li>Réelle mise en œuvre de soins multidisciplinaires intégrés pour tous les patients</li>



<li>Lutte contre les conséquences financières du cancer</li>
</ol>



<p>Si nous voulons garantir une prise en charge qui se concentre sur ce qui est important pour les patient-e-s, il ne suffit pas de considérer les données économiques et cliniques, mais aussi le point de vue des patient-e-s. Cela veut dire que les connaissances acquises par le biais d’enquêtes auprès des patient-e-s doivent entrer dans notre définition des concepts d’efficacité et d’inefficacité.</p>



<p>All.Can International et les initiatives All.Can nationales veilleront à ce que ces connaissances entrent dans le dialogue politique et de société.</p>

<!-- This site is optimized with the Yoast SEO plugin v27.1.1 - https://yoast.com/product/yoast-seo-wordpress/ -->
<title>All.Can International Patient Survey - All.Can Schweiz</title>
<meta name="robots" content="index, follow, max-snippet:-1, max-image-preview:large, max-video-preview:-1" />
<link rel="canonical" href="https://all-can.ch/fr/projekt/allcan-international-patient-survey/" />
<meta property="og:locale" content="fr_FR" />
<meta property="og:type" content="article" />
<meta property="og:title" content="All.Can International Patient Survey - All.Can Schweiz" />
<meta property="og:description" content="Le traitement du cancer du point de vue des patients: possibilités d’amélioration de l’efficacité Lorsqu’il est question d’améliorer le traitement du cancer, on oublie trop souvent le point de vue des patients. L’enquête réalisée par All.Can International auprès de patients a permis de poser la question directement aux personnes ayant personnellement fait l’expérience du cancer. [&hellip;]" />
<meta property="og:url" content="https://all-can.ch/fr/projekt/allcan-international-patient-survey/" />
<meta property="og:site_name" content="All.Can Schweiz" />
<meta property="article:modified_time" content="2025-05-27T07:38:57+00:00" />
<meta property="og:image" content="https://all-can.ch/wp-content/uploads/2025/05/allcan_blau_bild.jpg" />
	<meta property="og:image:width" content="2000" />
	<meta property="og:image:height" content="1125" />
	<meta property="og:image:type" content="image/jpeg" />
<meta name="twitter:card" content="summary_large_image" />
<meta name="twitter:label1" content="Est. reading time" />
	<meta name="twitter:data1" content="2 minutes" />
<script type="application/ld+json" class="yoast-schema-graph">{"@context":"https://schema.org","@graph":[{"@type":"WebPage","@id":"https://all-can.ch/fr/projekt/allcan-international-patient-survey/","url":"https://all-can.ch/fr/projekt/allcan-international-patient-survey/","name":"All.Can International Patient Survey - All.Can Schweiz","isPartOf":{"@id":"https://all-can.ch/#website"},"primaryImageOfPage":{"@id":"https://all-can.ch/fr/projekt/allcan-international-patient-survey/#primaryimage"},"image":{"@id":"https://all-can.ch/fr/projekt/allcan-international-patient-survey/#primaryimage"},"thumbnailUrl":"https://all-can.ch/wp-content/uploads/2025/05/allcan_blau_bild.jpg","datePublished":"2019-07-24T08:51:00+00:00","dateModified":"2025-05-27T07:38:57+00:00","breadcrumb":{"@id":"https://all-can.ch/fr/projekt/allcan-international-patient-survey/#breadcrumb"},"inLanguage":"fr-FR","potentialAction":[{"@type":"ReadAction","target":["https://all-can.ch/fr/projekt/allcan-international-patient-survey/"]}]},{"@type":"ImageObject","inLanguage":"fr-FR","@id":"https://all-can.ch/fr/projekt/allcan-international-patient-survey/#primaryimage","url":"https://all-can.ch/wp-content/uploads/2025/05/allcan_blau_bild.jpg","contentUrl":"https://all-can.ch/wp-content/uploads/2025/05/allcan_blau_bild.jpg","width":2000,"height":1125},{"@type":"BreadcrumbList","@id":"https://all-can.ch/fr/projekt/allcan-international-patient-survey/#breadcrumb","itemListElement":[{"@type":"ListItem","position":1,"name":"Home","item":"https://all-can.ch/fr/"},{"@type":"ListItem","position":2,"name":"Projects","item":"https://all-can.ch/project/"},{"@type":"ListItem","position":3,"name":"All.Can International Patient Survey"}]},{"@type":"WebSite","@id":"https://all-can.ch/#website","url":"https://all-can.ch/","name":"All.Can Schweiz","description":"","potentialAction":[{"@type":"SearchAction","target":{"@type":"EntryPoint","urlTemplate":"https://all-can.ch/?s={search_term_string}"},"query-input":{"@type":"PropertyValueSpecification","valueRequired":true,"valueName":"search_term_string"}}],"inLanguage":"fr-FR"}]}</script>
<!-- / Yoast SEO plugin. -->

Le traitement du cancer du point de vue des patients: possibilités d’amélioration de l’efficacité Lorsqu’il est question d’améliorer le traitement du cancer, on oublie trop souvent le point de vue des patients. L’enquête réalisée par All.Can International auprès de patients a permis de poser la question directement aux personnes ayant personnellement fait l’expérience du cancer. [&hellip;]
